{"id":425,"date":"2017-08-08T11:14:56","date_gmt":"2017-08-08T09:14:56","guid":{"rendered":"http:\/\/laserdome-stockholm.prov.nu\/?page_id=425"},"modified":"2026-02-09T11:16:23","modified_gmt":"2026-02-09T10:16:23","slug":"kontakt","status":"publish","type":"page","link":"https:\/\/www.laserdome-stockholm.se\/aspudden\/kontakt\/","title":{"rendered":"Kontakt\/\u00d6ppettider"},"content":{"rendered":"<div id='av_section_1'  class='avia-section av-3i5obt-acf21550866cc2658c4c4e45b05899be main_color avia-section-default avia-no-shadow  avia-builder-el-0  avia-builder-el-no-sibling  avia-bg-style-fixed  container_wrap sidebar_right'  ><div class='container av-section-cont-open' ><main  role=\"main\" itemprop=\"mainContentOfPage\"  class='template-page content  av-content-small alpha units'><div class='post-entry post-entry-type-page post-entry-425'><div class='entry-content-wrapper clearfix'>\n\n<style type=\"text\/css\" data-created_by=\"avia_inline_auto\" id=\"style-css-av-z2gmp-e847f197f38c9a437376319bd4ff892a\">\n#top .flex_column.av-z2gmp-e847f197f38c9a437376319bd4ff892a{\nmargin-top:-130px;\nmargin-bottom:50px;\n}\n.flex_column.av-z2gmp-e847f197f38c9a437376319bd4ff892a{\nborder-radius:10px 10px 10px 10px;\n-webkit-border-radius:10px 10px 10px 10px;\n-moz-border-radius:10px 10px 10px 10px;\npadding:30px 30px 30px 30px;\nbackground-color:#313131;\n}\n.responsive #top #wrap_all .flex_column.av-z2gmp-e847f197f38c9a437376319bd4ff892a{\nmargin-top:-130px;\nmargin-bottom:50px;\n}\n<\/style>\n<div class='flex_column av-z2gmp-e847f197f38c9a437376319bd4ff892a av_one_full  avia-builder-el-1  el_before_av_one_full  avia-builder-el-first  toppmarginal first flex_column_div '   ><p>\n<style type=\"text\/css\" data-created_by=\"avia_inline_auto\" id=\"style-css-av-r8rfd-17f5c78e24eacfb35eaf7d87ba63a4be\">\n#top .hr.hr-invisible.av-r8rfd-17f5c78e24eacfb35eaf7d87ba63a4be{\nheight:20px;\n}\n<\/style>\n<div  class='hr av-r8rfd-17f5c78e24eacfb35eaf7d87ba63a4be hr-invisible  avia-builder-el-2  el_before_av_hr  avia-builder-el-first  '><span class='hr-inner '><span class=\"hr-inner-style\"><\/span><\/span><\/div><br \/>\n\n<style type=\"text\/css\" data-created_by=\"avia_inline_auto\" id=\"style-css-av-imq5t-66afbee32a32d795a1873b08b8f59c29\">\n#top .hr.hr-invisible.av-imq5t-66afbee32a32d795a1873b08b8f59c29{\nheight:20px;\n}\n<\/style>\n<div  class='hr av-imq5t-66afbee32a32d795a1873b08b8f59c29 hr-invisible  avia-builder-el-3  el_after_av_hr  el_before_av_hr  '><span class='hr-inner '><span class=\"hr-inner-style\"><\/span><\/span><\/div><br \/>\n\n<style type=\"text\/css\" data-created_by=\"avia_inline_auto\" id=\"style-css-av-e695l-b02a45253367f27de76c5f40f142144b\">\n#top .hr.hr-invisible.av-e695l-b02a45253367f27de76c5f40f142144b{\nheight:20px;\n}\n<\/style>\n<div  class='hr av-e695l-b02a45253367f27de76c5f40f142144b hr-invisible  avia-builder-el-4  el_after_av_hr  el_before_av_hr  '><span class='hr-inner '><span class=\"hr-inner-style\"><\/span><\/span><\/div><br \/>\n\n<style type=\"text\/css\" data-created_by=\"avia_inline_auto\" id=\"style-css-av-bfnrt-7ee7f1d963e5680061419f12d790f963\">\n#top .hr.hr-invisible.av-bfnrt-7ee7f1d963e5680061419f12d790f963{\nheight:20px;\n}\n<\/style>\n<div  class='hr av-bfnrt-7ee7f1d963e5680061419f12d790f963 hr-invisible  avia-builder-el-5  el_after_av_hr  avia-builder-el-last  '><span class='hr-inner '><span class=\"hr-inner-style\"><\/span><\/span><\/div><\/p><\/div>\n<style type=\"text\/css\" data-created_by=\"avia_inline_auto\" id=\"style-css-av-3cqz2h-b6a694881cf624006a63699527a39f0a\">\n#top .flex_column.av-3cqz2h-b6a694881cf624006a63699527a39f0a{\nmargin-top:-130px;\nmargin-bottom:50px;\n}\n.flex_column.av-3cqz2h-b6a694881cf624006a63699527a39f0a{\nborder-radius:10px 10px 10px 10px;\n-webkit-border-radius:10px 10px 10px 10px;\n-moz-border-radius:10px 10px 10px 10px;\npadding:30px 30px 30px 30px;\nbackground-color:#313131;\n}\n.responsive #top #wrap_all .flex_column.av-3cqz2h-b6a694881cf624006a63699527a39f0a{\nmargin-top:-130px;\nmargin-bottom:50px;\n}\n<\/style>\n<div class='flex_column av-3cqz2h-b6a694881cf624006a63699527a39f0a av_one_full  avia-builder-el-6  el_after_av_one_full  el_before_av_one_full  toppmarginal first flex_column_div column-top-margin'   ><style type=\"text\/css\" data-created_by=\"avia_inline_auto\" id=\"style-css-av-39bje9-818dadd3a7454d4acf51d25d1dee27a8\">\n.av_textblock_section.av-39bje9-818dadd3a7454d4acf51d25d1dee27a8 .avia_textblock{\ncolor:#ffffff;\n}\n<\/style>\n<section  class='av_textblock_section av-39bje9-818dadd3a7454d4acf51d25d1dee27a8 '  itemscope=\"itemscope\" itemtype=\"https:\/\/schema.org\/CreativeWork\" ><div class='avia_textblock av_inherit_color '  itemprop=\"text\" ><h1 style=\"text-align: center\">Kontakta oss<\/h1>\n<h3 style=\"text-align: center\"><strong>Laserdome &#8211; Aspudden<\/strong><\/h3>\n<\/div><\/section><\/div><div class='flex_column_table av-17v7ep-a23f20e3d4329e1ad2468328c2a16929 sc-av_one_full av-equal-height-column-flextable'>\n<style type=\"text\/css\" data-created_by=\"avia_inline_auto\" id=\"style-css-av-17v7ep-a23f20e3d4329e1ad2468328c2a16929\">\n#top .flex_column_table.av-equal-height-column-flextable.av-17v7ep-a23f20e3d4329e1ad2468328c2a16929{\nmargin-top:0px;\nmargin-bottom:50px;\n}\n.flex_column.av-17v7ep-a23f20e3d4329e1ad2468328c2a16929{\nborder-radius:10px 10px 10px 10px;\n-webkit-border-radius:10px 10px 10px 10px;\n-moz-border-radius:10px 10px 10px 10px;\npadding:30px 30px 30px 30px;\nbackground-color:#d53737;\n}\n<\/style>\n<div class='flex_column av-17v7ep-a23f20e3d4329e1ad2468328c2a16929 av_one_full  avia-builder-el-8  el_after_av_one_full  el_before_av_two_third  first flex_column_table_cell av-equal-height-column av-align-top column-top-margin'   ><p>\n<style type=\"text\/css\" data-created_by=\"avia_inline_auto\" id=\"style-css-av-14ur35-82ded136051f083487b1389c885a25ab\">\n.av_font_icon.av-14ur35-82ded136051f083487b1389c885a25ab{\ncolor:#ffffff;\nborder-color:#ffffff;\n}\n.av_font_icon.av-14ur35-82ded136051f083487b1389c885a25ab .av-icon-char{\nfont-size:120px;\nline-height:120px;\n}\n<\/style>\n<span  class=\"av_font_icon av-14ur35-82ded136051f083487b1389c885a25ab avia_animate_when_visible av-icon-style- avia-icon-pos-center avia-icon-animate \"><span class='av-icon-char' aria-hidden='true' data-av_icon='\ue862' data-av_iconfont='entypo-fontello' ><\/span><\/span><br \/>\n\n<style type=\"text\/css\" data-created_by=\"avia_inline_auto\" id=\"style-css-av-x604h-d56a7955a172dad534fae9d6cc6062cc\">\n#top .hr.hr-invisible.av-x604h-d56a7955a172dad534fae9d6cc6062cc{\nheight:20px;\n}\n<\/style>\n<div  class='hr av-x604h-d56a7955a172dad534fae9d6cc6062cc hr-invisible  avia-builder-el-10  el_after_av_font_icon  el_before_av_textblock  '><span class='hr-inner '><span class=\"hr-inner-style\"><\/span><\/span><\/div><br \/>\n\n<style type=\"text\/css\" data-created_by=\"avia_inline_auto\" id=\"style-css-av-sub6p-306435877468075dddaa99130a5c0e27\">\n.av_textblock_section.av-sub6p-306435877468075dddaa99130a5c0e27 .avia_textblock{\ncolor:#ffffff;\n}\n<\/style>\n<section  class='av_textblock_section av-sub6p-306435877468075dddaa99130a5c0e27 '  itemscope=\"itemscope\" itemtype=\"https:\/\/schema.org\/CreativeWork\" ><div class='avia_textblock av_inherit_color '  itemprop=\"text\" ><h2 style=\"text-align: center\">\u00d6ppettider<\/h2>\n<h3 style=\"text-align: center\"><\/h3>\n<h3 style=\"text-align: center\">Vi har inga fasta \u00f6ppettider d\u00e5 vi enbart har \u00f6ppet efter bokningar.<\/h3>\n<\/div><\/section><br \/>\n\n<style type=\"text\/css\" data-created_by=\"avia_inline_auto\" id=\"style-css-av-jge29-ca4d6a7305fc007820fccd8dd9c8d757\">\n#top .hr.hr-invisible.av-jge29-ca4d6a7305fc007820fccd8dd9c8d757{\nheight:20px;\n}\n<\/style>\n<div  class='hr av-jge29-ca4d6a7305fc007820fccd8dd9c8d757 hr-invisible  avia-builder-el-12  el_after_av_textblock  el_before_av_button_big  avia-builder-el-last  '><span class='hr-inner '><span class=\"hr-inner-style\"><\/span><\/span><\/div><br \/>\n<div  class='avia-button-wrap avia-button-center  avia-builder-el-13  el_after_av_hr  el_before_av_hr ' >\n<style type=\"text\/css\" data-created_by=\"avia_inline_auto\" id=\"style-css-av-f7201-fc316a4c676d15d12b4d35dde18dd6f9\">\n#top #wrap_all .avia-button.av-f7201-fc316a4c676d15d12b4d35dde18dd6f9{\nbackground-color:#d53737;\nborder-color:#d53737;\ntransition:all 0.4s ease-in-out;\n-webkit-transition:all 0.4s ease-in-out;\n-moz-transition:all 0.4s ease-in-out;\n-ms-transition:all 0.4s ease-in-out;\n-o-transition:all 0.4s ease-in-out;\n}\n#top #wrap_all .avia-button.av-f7201-fc316a4c676d15d12b4d35dde18dd6f9:hover{\nbackground-color:#444444;\ncolor:white;\ntransition:all 0.4s ease-in-out;\n-webkit-transition:all 0.4s ease-in-out;\n-moz-transition:all 0.4s ease-in-out;\n-ms-transition:all 0.4s ease-in-out;\n-o-transition:all 0.4s ease-in-out;\n}\n<\/style>\n<a href='https:\/\/www.laserdome-stockholm.se\/aspudden\/boka\/' class='avia-font-color-theme-color avia-button avia-button-fullwidth av-f7201-fc316a4c676d15d12b4d35dde18dd6f9 avia-icon_select-no avia-color-custom '  target=\"_blank\"  rel=\"noopener noreferrer\"><span class='avia_iconbox_title' >Boka h\u00e4r \u00bb<\/span><\/a><\/div><br \/>\n\n<style type=\"text\/css\" data-created_by=\"avia_inline_auto\" id=\"style-css-av-7hdux-99d43a9502d3102c29246fe1092c8ccb\">\n#top .hr.hr-invisible.av-7hdux-99d43a9502d3102c29246fe1092c8ccb{\nheight:20px;\n}\n<\/style>\n<div  class='hr av-7hdux-99d43a9502d3102c29246fe1092c8ccb hr-invisible  avia-builder-el-14  el_after_av_button_big  avia-builder-el-no-sibling  '><span class='hr-inner '><span class=\"hr-inner-style\"><\/span><\/span><\/div><\/p><\/div><\/div><!--close column table wrapper. Autoclose: 1 --><div class='flex_column_table av-34rvf5-9db4773c3d61e5dfa32c6c4cb8d6ae6c sc-av_two_third av-break-at-tablet-flextable av-equal-height-column-flextable'>\n<style type=\"text\/css\" data-created_by=\"avia_inline_auto\" id=\"style-css-av-34rvf5-9db4773c3d61e5dfa32c6c4cb8d6ae6c\">\n#top .flex_column_table.av-equal-height-column-flextable.av-34rvf5-9db4773c3d61e5dfa32c6c4cb8d6ae6c{\nmargin-top:0px;\nmargin-bottom:0px;\n}\n.flex_column.av-34rvf5-9db4773c3d61e5dfa32c6c4cb8d6ae6c{\nborder-width:2px;\nborder-color:#f6f6f6;\nborder-style:solid;\nborder-radius:10px 10px 10px 10px;\n-webkit-border-radius:10px 10px 10px 10px;\n-moz-border-radius:10px 10px 10px 10px;\npadding:30px 30px 30px 30px;\n}\n<\/style>\n<div class='flex_column av-34rvf5-9db4773c3d61e5dfa32c6c4cb8d6ae6c av_two_third  avia-builder-el-15  el_after_av_one_full  el_before_av_one_third  first av-break-at-tablet flex_column_table_cell av-equal-height-column av-align-top column-top-margin'   ><section  class='av_textblock_section av-2z15ah-01c783242559cc78c1cf012c11a2c2bd '  itemscope=\"itemscope\" itemtype=\"https:\/\/schema.org\/CreativeWork\" ><div class='avia_textblock av_inherit_color '  itemprop=\"text\" ><h2 style=\"text-align: left\"><span style=\"color: #d53737\">Fr\u00e5gor?<\/span><\/h2>\n<p>Observera, att f\u00e4lt markerade med en stj\u00e4rna * \u00e4r obligatoriska.<\/p>\n<h3 style=\"text-align: center\"><\/h3>\n<\/div><\/section><br \/>\n\n<style type=\"text\/css\" data-created_by=\"avia_inline_auto\" id=\"style-css-av-2pwrj5-3ab592fd3c3df3141cc2ce0b662446a6\">\n#top .hr.hr-invisible.av-2pwrj5-3ab592fd3c3df3141cc2ce0b662446a6{\nheight:10px;\n}\n<\/style>\n<div  class='hr av-2pwrj5-3ab592fd3c3df3141cc2ce0b662446a6 hr-invisible  avia-builder-el-17  el_after_av_textblock  el_before_av_contact  '><span class='hr-inner '><span class=\"hr-inner-style\"><\/span><\/span><\/div><br \/>\n<form action=\"https:\/\/www.laserdome-stockholm.se\/aspudden\/kontakt\/\" method=\"post\"  class=\"avia_ajax_form av-form-labels-visible   avia-builder-el-18  el_after_av_hr  avia-builder-el-last   \" data-avia-form-id=\"1\" data-avia-redirect='' ><fieldset><p class='  first_form  form_element form_element_half' id='element_avia_1_1'><label for=\"avia_1_1\">Namn<\/label> <input name=\"avia_1_1\" class=\"text_input \" type=\"text\" id=\"avia_1_1\" value=\"\" \/><\/p><p class='  form_element form_element_half' id='element_avia_2_1'><label for=\"avia_2_1\">E-post <abbr class=\"required\" title=\"required\">*<\/abbr><\/label> <input name=\"avia_2_1\" class=\"text_input is_email\" type=\"text\" id=\"avia_2_1\" value=\"\" \/><\/p><p class='  first_form  form_element form_fullwidth' id='element_avia_3_1'><label for=\"avia_3_1\" class=\"textare_label hidden textare_label_avia_3_1\">Meddelande<\/label><textarea  name=\"avia_3_1\" class=\"text_area \" cols=\"40\" rows=\"7\" id=\"avia_3_1\" ><\/textarea><\/p><p class='  first_form  form_element form_fullwidth' id='element_avia_4_1'><input  name=\"avia_4_1\" class=\"input_checkbox \" type=\"checkbox\" id=\"avia_4_1\" value=\"true\"\/><label class=\"input_checkbox_label\" for=\"avia_4_1\">Jag vill ta del av erbjudande via e-post<\/label><\/p><p class='  first_form  form_element form_fullwidth' id='element_avia_5_1'><input  name=\"avia_5_1\" class=\"input_checkbox is_empty\" type=\"checkbox\" id=\"avia_5_1\" value=\"true\"\/><label class=\"input_checkbox_label\" for=\"avia_5_1\">Jag har l\u00e4st och \u00e4r inf\u00f6rst\u00e5dd med v\u00e5r <a href=\"\/hagersten\/behandling-av-personuppgifter\/\" target=\"_blank\" rel=\"noopener\">personuppgiftspolicy<\/a> <abbr class=\"required\" title=\"required\">*<\/abbr><\/label><\/p><p class=\"hidden\"><input type=\"text\" name=\"avia_6_1\" class=\"hidden \" id=\"avia_6_1\" value=\"\" \/><\/p><div id='avia_7_1' class='av-recaptcha-area  first_form  form_element form_fullwidth '  data-container_class=\"\" data-custom_class=\"\" data-context=\"av_contact_form\" data-token_input=\"av_recaptcha_token\" data-version=\"avia_recaptcha_v2\" data-theme=\"light\" data-size=\"normal\" data-score=\"0.5\" data-text_to_preview=\"\" data-value=\"\"><div class=\"av-google-badge-message hidden\">This site is protected by reCAPTCHA and the Google <a href=\"https:\/\/policies.google.com\/privacy\">Privacy Policy<\/a> and <a href=\"https:\/\/policies.google.com\/terms\">Terms of Service<\/a> apply.<\/div><\/div><p class=\"form_element \"><input type=\"hidden\" value=\"1\" name=\"avia_generated_form1\" \/><input type=\"submit\" value=\"Skicka\" class=\"button\"  data-sending-label=\"Sending\"\/><\/p><\/fieldset><div class=\"avia-disabled-form\">This contact form is deactivated because you refused to accept Google reCaptcha service which is necessary to validate any messages sent by the form.<\/div><\/form><div id=\"ajaxresponse_1\" class=\"ajaxresponse ajaxresponse_1 hidden\"><\/div><\/p><\/div><div class='av-flex-placeholder'><\/div>\n<style type=\"text\/css\" data-created_by=\"avia_inline_auto\" id=\"style-css-av-1er63t-3079e7d0bf34f2fe710d60828b2011d7\">\n#top .flex_column_table.av-equal-height-column-flextable.av-1er63t-3079e7d0bf34f2fe710d60828b2011d7{\nmargin-top:0px;\nmargin-bottom:0px;\n}\n.flex_column.av-1er63t-3079e7d0bf34f2fe710d60828b2011d7{\nborder-radius:10px 10px 10px 10px;\n-webkit-border-radius:10px 10px 10px 10px;\n-moz-border-radius:10px 10px 10px 10px;\npadding:30px 30px 30px 30px;\nbackground-color:#d53737;\n}\n<\/style>\n<div class='flex_column av-1er63t-3079e7d0bf34f2fe710d60828b2011d7 av_one_third  avia-builder-el-19  el_after_av_two_third  avia-builder-el-last  av-break-at-tablet flex_column_table_cell av-equal-height-column av-align-top column-top-margin'   ><p>\n<style type=\"text\/css\" data-created_by=\"avia_inline_auto\" id=\"style-css-av-1b1pbl-1d16b7ff3699e51ff61182cf58e66832\">\n.av_font_icon.av-1b1pbl-1d16b7ff3699e51ff61182cf58e66832{\ncolor:#ffffff;\nborder-color:#ffffff;\n}\n.av_font_icon.av-1b1pbl-1d16b7ff3699e51ff61182cf58e66832 .av-icon-char{\nfont-size:60px;\nline-height:60px;\n}\n<\/style>\n<span  class=\"av_font_icon av-1b1pbl-1d16b7ff3699e51ff61182cf58e66832 avia_animate_when_visible av-icon-style- avia-icon-pos-center avia-icon-animate \"><span class='av-icon-char' aria-hidden='true' data-av_icon='\ue854' data-av_iconfont='entypo-fontello' ><\/span><\/span><br \/>\n\n<style type=\"text\/css\" data-created_by=\"avia_inline_auto\" id=\"style-css-av-10r7cx-43728ac13ce0c2343e5e45dd32c91251\">\n#top .hr.hr-invisible.av-10r7cx-43728ac13ce0c2343e5e45dd32c91251{\nheight:20px;\n}\n<\/style>\n<div  class='hr av-10r7cx-43728ac13ce0c2343e5e45dd32c91251 hr-invisible  avia-builder-el-21  el_after_av_font_icon  el_before_av_textblock  '><span class='hr-inner '><span class=\"hr-inner-style\"><\/span><\/span><\/div><br \/>\n\n<style type=\"text\/css\" data-created_by=\"avia_inline_auto\" id=\"style-css-av-zji21-e7cf9b4efa1b2163147f9d5bb9e70686\">\n.av_textblock_section.av-zji21-e7cf9b4efa1b2163147f9d5bb9e70686 .avia_textblock{\ncolor:#ffffff;\n}\n<\/style>\n<section  class='av_textblock_section av-zji21-e7cf9b4efa1b2163147f9d5bb9e70686 '  itemscope=\"itemscope\" itemtype=\"https:\/\/schema.org\/CreativeWork\" ><div class='avia_textblock av_inherit_color '  itemprop=\"text\" ><h3 style=\"text-align: center\">Kontakta oss<\/h3>\n<p style=\"text-align: center\">V\u00e4lkommen att kontakta oss om du har n\u00e5gra fr\u00e5gor eller \u00f6nskar mer info via telefon, e-post eller h\u00e4r via formul\u00e4ret.<\/p>\n<h4 style=\"text-align: center\">Telefon: 08- 121 499 99<br \/>\nE-post: <a href=\"mailto:bokning@laserdome-aspudden.se\">bokning@laserdome-aspudden.se<\/a><\/h4>\n<\/div><\/section><br \/>\n\n<style type=\"text\/css\" data-created_by=\"avia_inline_auto\" id=\"style-css-av-s7odd-c9206a816b96e9a9e31b4e2af8cb59fa\">\n#top .hr.av-s7odd-c9206a816b96e9a9e31b4e2af8cb59fa{\nmargin-top:10px;\nmargin-bottom:20px;\n}\n.hr.av-s7odd-c9206a816b96e9a9e31b4e2af8cb59fa .hr-inner{\nwidth:100%;\nborder-color:#cccccc;\n}\n<\/style>\n<div  class='hr av-s7odd-c9206a816b96e9a9e31b4e2af8cb59fa hr-custom  avia-builder-el-23  el_after_av_textblock  el_before_av_font_icon  hr-center hr-icon-no '><span class='hr-inner inner-border-av-border-thin'><span class=\"hr-inner-style\"><\/span><\/span><\/div><br \/>\n\n<style type=\"text\/css\" data-created_by=\"avia_inline_auto\" id=\"style-css-av-2bgyh-e3f372ad1302e6852493fb51c929af54\">\n.av_font_icon.av-2bgyh-e3f372ad1302e6852493fb51c929af54{\ncolor:#ffffff;\nborder-color:#ffffff;\n}\n.av_font_icon.av-2bgyh-e3f372ad1302e6852493fb51c929af54 .av-icon-char{\nfont-size:60px;\nline-height:60px;\n}\n<\/style>\n<span  class=\"av_font_icon av-2bgyh-e3f372ad1302e6852493fb51c929af54 avia_animate_when_visible av-icon-style- avia-icon-pos-center avia-icon-animate \"><span class='av-icon-char' aria-hidden='true' data-av_icon='\ue821' data-av_iconfont='entypo-fontello' ><\/span><\/span><br \/>\n\n<style type=\"text\/css\" data-created_by=\"avia_inline_auto\" id=\"style-css-av-cysc9-5be818d39bc067276c7c45b08265d54e\">\n#top .hr.hr-invisible.av-cysc9-5be818d39bc067276c7c45b08265d54e{\nheight:20px;\n}\n<\/style>\n<div  class='hr av-cysc9-5be818d39bc067276c7c45b08265d54e hr-invisible  avia-builder-el-25  el_after_av_font_icon  el_before_av_textblock  '><span class='hr-inner '><span class=\"hr-inner-style\"><\/span><\/span><\/div><br \/>\n\n<style type=\"text\/css\" data-created_by=\"avia_inline_auto\" id=\"style-css-av-9uu8x-bffd69dfb8965ea477541a34c06ee2ce\">\n.av_textblock_section.av-9uu8x-bffd69dfb8965ea477541a34c06ee2ce .avia_textblock{\ncolor:#ffffff;\n}\n<\/style>\n<section  class='av_textblock_section av-9uu8x-bffd69dfb8965ea477541a34c06ee2ce '  itemscope=\"itemscope\" itemtype=\"https:\/\/schema.org\/CreativeWork\" ><div class='avia_textblock av_inherit_color '  itemprop=\"text\" ><h3 style=\"text-align: center\">Laserdome Aspudden<\/h3>\n<p style=\"text-align: center\">Instrumentv\u00e4gen 25<\/p>\n<p style=\"text-align: center\">(G\u00e5ngavst\u00e5nd fr\u00e5n T-\u00d6rnsberg)<\/p>\n<p style=\"text-align: center\">Parkering:<br \/>\nGratis parkering utanf\u00f6r v\u00e5r entr\u00e9 eller i p-garage.<\/p>\n<h4 style=\"text-align: center\"><a href=\"https:\/\/goo.gl\/maps\/CKhDgQmqz7G2\" target=\"_blank\" rel=\"noopener\">Karta \/ V\u00e4gbeskrivning \u00bb<\/a><\/h4>\n<\/div><\/section><\/p><\/div><\/div><!--close column table wrapper. Autoclose: 1 --><\/div><\/div><\/main><!-- close content main element --><\/div><\/div><div id='after_section_1'  class='main_color av_default_container_wrap container_wrap sidebar_right'  ><div class='container av-section-cont-open' ><div class='template-page content  av-content-small alpha units'><div class='post-entry post-entry-type-page post-entry-425'><div class='entry-content-wrapper clearfix'>\n","protected":false},"excerpt":{"rendered":"","protected":false},"author":1,"featured_media":0,"parent":0,"menu_order":0,"comment_status":"closed","ping_status":"closed","template":"","meta":{"footnotes":""},"_links":{"self":[{"href":"https:\/\/www.laserdome-stockholm.se\/aspudden\/wp-json\/wp\/v2\/pages\/425"}],"collection":[{"href":"https:\/\/www.laserdome-stockholm.se\/aspudden\/wp-json\/wp\/v2\/pages"}],"about":[{"href":"https:\/\/www.laserdome-stockholm.se\/aspudden\/wp-json\/wp\/v2\/types\/page"}],"author":[{"embeddable":true,"href":"https:\/\/www.laserdome-stockholm.se\/aspudden\/wp-json\/wp\/v2\/users\/1"}],"replies":[{"embeddable":true,"href":"https:\/\/www.laserdome-stockholm.se\/aspudden\/wp-json\/wp\/v2\/comments?post=425"}],"version-history":[{"count":40,"href":"https:\/\/www.laserdome-stockholm.se\/aspudden\/wp-json\/wp\/v2\/pages\/425\/revisions"}],"predecessor-version":[{"id":12641,"href":"https:\/\/www.laserdome-stockholm.se\/aspudden\/wp-json\/wp\/v2\/pages\/425\/revisions\/12641"}],"wp:attachment":[{"href":"https:\/\/www.laserdome-stockholm.se\/aspudden\/wp-json\/wp\/v2\/media?parent=425"}],"curies":[{"name":"wp","href":"https:\/\/api.w.org\/{rel}","templated":true}]}}