{"id":422,"date":"2017-08-08T11:14:51","date_gmt":"2017-08-08T09:14:51","guid":{"rendered":"http:\/\/laserdome-stockholm.prov.nu\/?page_id=422"},"modified":"2026-02-09T15:56:34","modified_gmt":"2026-02-09T14:56:34","slug":"erbjudanden","status":"publish","type":"page","link":"https:\/\/www.laserdome-stockholm.se\/bromma\/erbjudanden\/","title":{"rendered":"Erbjudanden"},"content":{"rendered":"<div id='full_slider_1'  class='avia-fullwidth-slider main_color avia-shadow   avia-builder-el-0  el_before_av_section  avia-builder-el-first   container_wrap sidebar_right'  ><div   data-size='no scaling'  data-lightbox_size='large'  data-animation='fade'  data-conditional_play=''  data-ids='1379'  data-video_counter='0'  data-autoplay='true'  data-bg_slider='false'  data-slide_height=''  data-handle='av_slideshow_full'  data-interval='5'  data-class=' '  data-el_id=''  data-css_id=''  data-scroll_down=''  data-control_layout='av-control-default'  data-custom_markup=''  data-perma_caption=''  data-autoplay_stopper=''  data-image_attachment=''  data-min_height='0px'  data-lazy_loading='disabled'  data-src=''  data-position='top left'  data-repeat='no-repeat'  data-attach='scroll'  data-stretch=''  data-img_scrset=''  class='avia-slideshow avia-slideshow-1  av-control-default av-default-height-applied avia-slideshow-no scaling av_slideshow_full   avia-fade-slider '  itemprop=\"image\" itemscope=\"itemscope\" itemtype=\"https:\/\/schema.org\/ImageObject\" ><ul class='avia-slideshow-inner ' style='padding-bottom: 26.041666666667%;' ><li  class=' av-single-slide slide-1 ' ><div data-rel='slideshow-1' class='avia-slide-wrap '   ><img decoding=\"async\" class=\"wp-image-1379 avia-img-lazy-loading-not-1379\"  src=\"https:\/\/www.laserdome-stockholm.se\/bromma\/wp-content\/uploads\/sites\/7\/2017\/08\/Laserdome-Bromma-006-1.jpg\" width=\"1920\" height=\"500\" title='Laserdome Bromma' alt=''  itemprop=\"thumbnailUrl\" srcset=\"https:\/\/www.laserdome-stockholm.se\/bromma\/wp-content\/uploads\/sites\/7\/2017\/08\/Laserdome-Bromma-006-1.jpg 1920w, https:\/\/www.laserdome-stockholm.se\/bromma\/wp-content\/uploads\/sites\/7\/2017\/08\/Laserdome-Bromma-006-1-300x78.jpg 300w, https:\/\/www.laserdome-stockholm.se\/bromma\/wp-content\/uploads\/sites\/7\/2017\/08\/Laserdome-Bromma-006-1-768x200.jpg 768w, https:\/\/www.laserdome-stockholm.se\/bromma\/wp-content\/uploads\/sites\/7\/2017\/08\/Laserdome-Bromma-006-1-1030x268.jpg 1030w, https:\/\/www.laserdome-stockholm.se\/bromma\/wp-content\/uploads\/sites\/7\/2017\/08\/Laserdome-Bromma-006-1-1500x391.jpg 1500w, https:\/\/www.laserdome-stockholm.se\/bromma\/wp-content\/uploads\/sites\/7\/2017\/08\/Laserdome-Bromma-006-1-705x184.jpg 705w, https:\/\/www.laserdome-stockholm.se\/bromma\/wp-content\/uploads\/sites\/7\/2017\/08\/Laserdome-Bromma-006-1-450x117.jpg 450w\" sizes=\"(max-width: 1920px) 100vw, 1920px\" \/><\/div><\/li><\/ul><\/div><\/div>\n<div id='av_section_1'  class='avia-section av-2i8bda-4b2fb377271ef8ad73b66d764386d26a main_color avia-section-default avia-no-shadow  avia-builder-el-1  el_after_av_slideshow_full  el_before_av_section  avia-bg-style-fixed  container_wrap sidebar_right'  ><div class='container av-section-cont-open' ><div class='template-page content  av-content-small alpha units'><div class='post-entry post-entry-type-page post-entry-422'><div class='entry-content-wrapper clearfix'>\n\n<style type=\"text\/css\" data-created_by=\"avia_inline_auto\" id=\"style-css-av-2eb0y6-65c7e0ffaa1f608a93846d7730ca270f\">\n#top .flex_column.av-2eb0y6-65c7e0ffaa1f608a93846d7730ca270f{\nmargin-top:-130px;\nmargin-bottom:50px;\n}\n.flex_column.av-2eb0y6-65c7e0ffaa1f608a93846d7730ca270f{\nborder-radius:10px 10px 10px 10px;\n-webkit-border-radius:10px 10px 10px 10px;\n-moz-border-radius:10px 10px 10px 10px;\npadding:30px 30px 30px 30px;\nbackground-color:#313131;\n}\n.responsive #top #wrap_all .flex_column.av-2eb0y6-65c7e0ffaa1f608a93846d7730ca270f{\nmargin-top:-130px;\nmargin-bottom:50px;\n}\n<\/style>\n<div class='flex_column av-2eb0y6-65c7e0ffaa1f608a93846d7730ca270f av_one_full  avia-builder-el-2  el_before_av_three_fourth  avia-builder-el-first  toppmarginal first flex_column_div '   ><style type=\"text\/css\" data-created_by=\"avia_inline_auto\" id=\"style-css-av-2bc81i-6b4908388b91cb1862084724615a0d0c\">\n.av_textblock_section.av-2bc81i-6b4908388b91cb1862084724615a0d0c .avia_textblock{\ncolor:#ffffff;\n}\n<\/style>\n<section  class='av_textblock_section av-2bc81i-6b4908388b91cb1862084724615a0d0c '  itemscope=\"itemscope\" itemtype=\"https:\/\/schema.org\/CreativeWork\" ><div class='avia_textblock av_inherit_color '  itemprop=\"text\" ><h1 style=\"text-align: center;\">Erbjudanden!<\/h1>\n<h3 style=\"text-align: center;\"><strong>Laserdome &#8211; Bromma<\/strong><\/h3>\n<\/div><\/section><\/div>\n<style type=\"text\/css\" data-created_by=\"avia_inline_auto\" id=\"style-css-av-7rb3y-0d943678810fa01a78bd8a645e2e6705\">\n#top .flex_column.av-7rb3y-0d943678810fa01a78bd8a645e2e6705{\nmargin-top:0px;\nmargin-bottom:30px;\n}\n.flex_column.av-7rb3y-0d943678810fa01a78bd8a645e2e6705{\nborder-radius:10px 10px 10px 10px;\n-webkit-border-radius:10px 10px 10px 10px;\n-moz-border-radius:10px 10px 10px 10px;\npadding:30px 30px 30px 30px;\nbackground-color:#f6f6f6;\n}\n.responsive #top #wrap_all .flex_column.av-7rb3y-0d943678810fa01a78bd8a645e2e6705{\nmargin-top:0px;\nmargin-bottom:30px;\n}\n<\/style>\n<div class='flex_column av-7rb3y-0d943678810fa01a78bd8a645e2e6705 av_three_fourth  avia-builder-el-4  el_after_av_one_full  el_before_av_one_fourth  first av-break-at-tablet flex_column_div column-top-margin'   id=\"boka-online\"  ><\/div>\n<style type=\"text\/css\" data-created_by=\"avia_inline_auto\" id=\"style-css-av-1dh7s6-ea3186ed73008d1f245c737d69270461\">\n#top .flex_column.av-1dh7s6-ea3186ed73008d1f245c737d69270461{\nmargin-top:0px;\nmargin-bottom:30px;\n}\n.flex_column.av-1dh7s6-ea3186ed73008d1f245c737d69270461{\nborder-radius:10px 10px 10px 10px;\n-webkit-border-radius:10px 10px 10px 10px;\n-moz-border-radius:10px 10px 10px 10px;\npadding:30px 30px 30px 30px;\nbackground-color:#d53737;\n}\n.responsive #top #wrap_all .flex_column.av-1dh7s6-ea3186ed73008d1f245c737d69270461{\nmargin-top:0px;\nmargin-bottom:30px;\n}\n<\/style>\n<div class='flex_column av-1dh7s6-ea3186ed73008d1f245c737d69270461 av_one_fourth  avia-builder-el-6  el_after_av_three_fourth  avia-builder-el-last  av-break-at-tablet flex_column_div column-top-margin'   ><p>\n<style type=\"text\/css\" data-created_by=\"avia_inline_auto\" id=\"style-css-av-8rq2e-75b2c9e596eda6000df3636ab87e9433\">\n#top .hr.av-8rq2e-75b2c9e596eda6000df3636ab87e9433{\nmargin-top:10px;\nmargin-bottom:20px;\n}\n.hr.av-8rq2e-75b2c9e596eda6000df3636ab87e9433 .hr-inner{\nwidth:100%;\nborder-color:#cccccc;\n}\n<\/style>\n<div  class='hr av-8rq2e-75b2c9e596eda6000df3636ab87e9433 hr-custom  avia-builder-el-7  el_before_av_font_icon  avia-builder-el-first  hr-center hr-icon-no '><span class='hr-inner inner-border-av-border-thin'><span class=\"hr-inner-style\"><\/span><\/span><\/div><br \/>\n\n<style type=\"text\/css\" data-created_by=\"avia_inline_auto\" id=\"style-css-av-16vwkm-25f91b644db0eb8e12881cb07f671129\">\n.av_font_icon.av-16vwkm-25f91b644db0eb8e12881cb07f671129{\ncolor:#ffffff;\nborder-color:#ffffff;\n}\n.av_font_icon.av-16vwkm-25f91b644db0eb8e12881cb07f671129 .av-icon-char{\nfont-size:60px;\nline-height:60px;\n}\n<\/style>\n<span  class=\"av_font_icon av-16vwkm-25f91b644db0eb8e12881cb07f671129 avia_animate_when_visible av-icon-style- avia-icon-pos-center avia-icon-animate \"><span class='av-icon-char' aria-hidden='true' data-av_icon='\ue83f' data-av_iconfont='entypo-fontello' ><\/span><\/span><br \/>\n\n<style type=\"text\/css\" data-created_by=\"avia_inline_auto\" id=\"style-css-av-14i4ly-b061a63ef46158fbb9ac03f8d0d56250\">\n#top .hr.hr-invisible.av-14i4ly-b061a63ef46158fbb9ac03f8d0d56250{\nheight:20px;\n}\n<\/style>\n<div  class='hr av-14i4ly-b061a63ef46158fbb9ac03f8d0d56250 hr-invisible  avia-builder-el-9  el_after_av_font_icon  el_before_av_textblock  '><span class='hr-inner '><span class=\"hr-inner-style\"><\/span><\/span><\/div><br \/>\n\n<style type=\"text\/css\" data-created_by=\"avia_inline_auto\" id=\"style-css-av-yugti-981f36a4c57026f37683966e49dcbfcc\">\n.av_textblock_section.av-yugti-981f36a4c57026f37683966e49dcbfcc .avia_textblock{\ncolor:#ffffff;\n}\n<\/style>\n<section  class='av_textblock_section av-yugti-981f36a4c57026f37683966e49dcbfcc '  itemscope=\"itemscope\" itemtype=\"https:\/\/schema.org\/CreativeWork\" ><div class='avia_textblock av_inherit_color '  itemprop=\"text\" ><h3 style=\"text-align: center;\">Aktuellt just nu<\/h3>\n<p style=\"text-align: center;\">H\u00e4r hittar du aktuella nyheter och erbjudanden fr\u00e5n oss p\u00e5 Laserdome Bromma.<\/p>\n<p style=\"text-align: center;\">\n<p style=\"text-align: center;\">\n<\/div><\/section><br \/>\n\n<style type=\"text\/css\" data-created_by=\"avia_inline_auto\" id=\"style-css-av-suw0m-72f51fb33a5b19c4f2c1bdfa9df1de64\">\n#top .hr.av-suw0m-72f51fb33a5b19c4f2c1bdfa9df1de64{\nmargin-top:10px;\nmargin-bottom:20px;\n}\n.hr.av-suw0m-72f51fb33a5b19c4f2c1bdfa9df1de64 .hr-inner{\nwidth:100%;\nborder-color:#cccccc;\n}\n<\/style>\n<div  class='hr av-suw0m-72f51fb33a5b19c4f2c1bdfa9df1de64 hr-custom  avia-builder-el-11  el_after_av_textblock  avia-builder-el-last  hr-center hr-icon-no '><span class='hr-inner inner-border-av-border-thin'><span class=\"hr-inner-style\"><\/span><\/span><\/div><\/p><\/div><\/div><\/div><\/div><!-- close content main div --><\/div><\/div><div id='av_section_2'  class='avia-section av-luqvcorz-af26c6b880b5220a55a7320b5a6ea170 main_color avia-section-default avia-no-border-styling  avia-builder-el-12  el_after_av_section  avia-builder-el-last  avia-bg-style-scroll  av-desktop-hide av-medium-hide av-small-hide av-mini-hide container_wrap sidebar_right'  ><div class='container av-section-cont-open' ><div class='template-page content  av-content-small alpha units'><div class='post-entry post-entry-type-page post-entry-422'><div class='entry-content-wrapper clearfix'>\n\n<style type=\"text\/css\" data-created_by=\"avia_inline_auto\" id=\"style-css-av-1662m-9f597f248438acb5f60ecc26a4b00d20\">\n#top .flex_column.av-1662m-9f597f248438acb5f60ecc26a4b00d20{\nmargin-top:0px;\nmargin-bottom:30px;\n}\n.flex_column.av-1662m-9f597f248438acb5f60ecc26a4b00d20{\nborder-radius:10px 10px 10px 10px;\n-webkit-border-radius:10px 10px 10px 10px;\n-moz-border-radius:10px 10px 10px 10px;\npadding:30px 30px 30px 30px;\nbackground-color:#f6f6f6;\n}\n.responsive #top #wrap_all .flex_column.av-1662m-9f597f248438acb5f60ecc26a4b00d20{\nmargin-top:0px;\nmargin-bottom:30px;\n}\n<\/style>\n<div class='flex_column av-1662m-9f597f248438acb5f60ecc26a4b00d20 av_two_third  avia-builder-el-13  el_before_av_textblock  avia-builder-el-first  first av-break-at-tablet flex_column_div '   ><style type=\"text\/css\" data-created_by=\"avia_inline_auto\" id=\"style-css-av-mbaml7h1-853adb4e43333cc26372a7167eba61a9\">\n.av_textblock_section.av-mbaml7h1-853adb4e43333cc26372a7167eba61a9 .avia_textblock{\ncolor:#000000;\n}\n<\/style>\n<section  class='av_textblock_section av-mbaml7h1-853adb4e43333cc26372a7167eba61a9 '  itemscope=\"itemscope\" itemtype=\"https:\/\/schema.org\/CreativeWork\" ><div class='avia_textblock av_inherit_color '  itemprop=\"text\" ><h3><span style=\"color: #d53737;\">Just nu har vi inga erbjudanden!<\/span><\/h3>\n<\/div><\/section><\/div>\n<style type=\"text\/css\" data-created_by=\"avia_inline_auto\" id=\"style-css-av-9bjsu-2b9b891f1ccf3d543196724706843cb6\">\n.av_textblock_section.av-9bjsu-2b9b891f1ccf3d543196724706843cb6 .avia_textblock{\ncolor:#000000;\n}\n<\/style>\n<section  class='av_textblock_section av-9bjsu-2b9b891f1ccf3d543196724706843cb6 '  itemscope=\"itemscope\" itemtype=\"https:\/\/schema.org\/CreativeWork\" ><div class='avia_textblock av_inherit_color '  itemprop=\"text\" ><h3><span style=\"color: #d53737;\">Spendera ditt lov hos oss!<\/span><\/h3>\n<p>Under lovet s\u00e5 kommer vi att ha drop-in.<br \/>\nSpela s\u00e5 mycket Laserdome ni kan, vill och orkar i hela 3 timmar f\u00f6r enbart 219:-\/person.<br \/>\nI samband med betalningen kommer ni att f\u00e5 ett band som f\u00e4sts runt armen. Armbandet \u00e4r giltigt under ett pass (3-timmar).<br \/>\nMan \u00e4r aldrig garanterad att spela exakt varje spel under sitt 3-timmarspass utan man kan komma att f\u00e5 vila enstaka spel.<br \/>\nVi har begr\u00e4nsat antal platser, s\u00e5 det \u00e4r f\u00f6rst till kvarn som g\u00e4ller, erbjudandet kan f\u00f6rbokas antingen via telefon eller onlinebokning nedan.<\/p>\n<h3><span style=\"color: #d53737;\">R\u00e4cker inte det? Vill du spela \u00e4nnu mer?!<\/span><\/h3>\n<p>Nu kan man k\u00f6pa lovveckopass. Spela hela lovet f\u00f6r bara 399:-\/person.<\/p>\n<\/div><\/section>\n\n<style type=\"text\/css\" data-created_by=\"avia_inline_auto\" id=\"style-css-av-afdfy-6ef16443ba1cfaa8fe295d1457ba7640\">\n.av_textblock_section.av-afdfy-6ef16443ba1cfaa8fe295d1457ba7640 .avia_textblock{\ncolor:#000000;\n}\n<\/style>\n<section  class='av_textblock_section av-afdfy-6ef16443ba1cfaa8fe295d1457ba7640 '  itemscope=\"itemscope\" itemtype=\"https:\/\/schema.org\/CreativeWork\" ><div class='avia_textblock av_inherit_color '  itemprop=\"text\" ><h3><span style=\"color: #d53737;\">K\u00f6p ett lovpass!<\/span><\/h3>\n<p>Under h\u00f6stlovet s\u00e5 kommer vi att ha drop-in.<br \/>\nSpela s\u00e5 mycket Laserdome ni kan, vill och orkar i hela 3 timmar f\u00f6r enbart 219:-\/person.<br \/>\nI samband med betalningen kommer ni att f\u00e5 ett band som f\u00e4sts runt armen. Armbandet \u00e4r giltigt under ett pass (3-timmar).<br \/>\nMan \u00e4r aldrig garanterad att spela exakt varje spel under sitt 3-timmarspass utan man kan komma att f\u00e5 vila enstaka spel.<br \/>\nErbjudandet g\u00e4ller p\u00e5 Laserdome Bromma, l\u00f6rdag 25\/10 t.o.m. s\u00f6ndag 2\/11. Vi har begr\u00e4nsat antal platser, s\u00e5 det \u00e4r f\u00f6rst till kvarn som g\u00e4ller, erbjudandet <strong>kan<\/strong> f\u00f6rbokas antingen via telefon eller online h\u00e4r nedan.<\/p>\n<\/div><\/section>\n<div class='flex_column_table av-h9vo6-dce76147f72ddb9ab33fbfb452f1ea47 sc-av_one_third av-break-at-tablet-flextable av-equal-height-column-flextable'>\n<style type=\"text\/css\" data-created_by=\"avia_inline_auto\" id=\"style-css-av-h9vo6-dce76147f72ddb9ab33fbfb452f1ea47\">\n#top .flex_column_table.av-equal-height-column-flextable.av-h9vo6-dce76147f72ddb9ab33fbfb452f1ea47{\nmargin-top:0px;\nmargin-bottom:30px;\n}\n.flex_column.av-h9vo6-dce76147f72ddb9ab33fbfb452f1ea47{\nborder-radius:10px 10px 10px 10px;\n-webkit-border-radius:10px 10px 10px 10px;\n-moz-border-radius:10px 10px 10px 10px;\npadding:30px 30px 30px 30px;\nbackground-color:#f6f6f6;\n}\n<\/style>\n<div class='flex_column av-h9vo6-dce76147f72ddb9ab33fbfb452f1ea47 av_one_third  avia-builder-el-17  el_after_av_textblock  el_before_av_one_third  first av-break-at-tablet flex_column_table_cell av-equal-height-column av-align-top column-top-margin'   ><style type=\"text\/css\" data-created_by=\"avia_inline_auto\" id=\"style-css-av-ldoeajnb-3f3b8247f8cdf43ab86a5c34d16afc4c\">\n.av_textblock_section.av-ldoeajnb-3f3b8247f8cdf43ab86a5c34d16afc4c .avia_textblock{\ncolor:#000000;\n}\n<\/style>\n<section  class='av_textblock_section av-ldoeajnb-3f3b8247f8cdf43ab86a5c34d16afc4c '  itemscope=\"itemscope\" itemtype=\"https:\/\/schema.org\/CreativeWork\" ><div class='avia_textblock av_inherit_color '  itemprop=\"text\" ><h3><span style=\"color: #d53737;\">Cube Combo!<\/span><\/h3>\n<p>Just nu kan du kombinera en timme The Cube-aktivitet med tv\u00e5 stycken 16 minuters laserdomespel f\u00f6r bara 199kr per person.<\/p>\n<p>Erbjudandet g\u00e4ller bara p\u00e5 Laserdome Bromma. Erbjudandet <strong>kan<\/strong> f\u00f6rbokas antingen via telefon eller h\u00e4r nedan.<\/p>\n<\/div><\/section><\/div><div class='av-flex-placeholder'><\/div>\n<style type=\"text\/css\" data-created_by=\"avia_inline_auto\" id=\"style-css-av-cwziu-2953e367d9acbc6404111a8bc20a31dc\">\n#top .flex_column_table.av-equal-height-column-flextable.av-cwziu-2953e367d9acbc6404111a8bc20a31dc{\nmargin-top:0px;\nmargin-bottom:30px;\n}\n.flex_column.av-cwziu-2953e367d9acbc6404111a8bc20a31dc{\nborder-radius:10px 10px 10px 10px;\n-webkit-border-radius:10px 10px 10px 10px;\n-moz-border-radius:10px 10px 10px 10px;\npadding:30px 30px 30px 30px;\nbackground-color:#f6f6f6;\n}\n<\/style>\n<div class='flex_column av-cwziu-2953e367d9acbc6404111a8bc20a31dc av_one_third  avia-builder-el-19  el_after_av_one_third  el_before_av_textblock  av-break-at-tablet flex_column_table_cell av-equal-height-column av-align-top column-top-margin'   ><style type=\"text\/css\" data-created_by=\"avia_inline_auto\" id=\"style-css-av-83njy-8d82c7bc027cc3a2483c66df106baa79\">\n.av_textblock_section.av-83njy-8d82c7bc027cc3a2483c66df106baa79 .avia_textblock{\ncolor:#000000;\n}\n<\/style>\n<section  class='av_textblock_section av-83njy-8d82c7bc027cc3a2483c66df106baa79 '  itemscope=\"itemscope\" itemtype=\"https:\/\/schema.org\/CreativeWork\" ><div class='avia_textblock av_inherit_color '  itemprop=\"text\" ><h3><span style=\"color: #d53737;\">S\u00f6ndagspass<\/span><\/h3>\n<p>Spela s\u00e5 mycket ni kan, vill och orkar i hela 3 timmar f\u00f6r enbart 219:-\/person.<br \/>\nVarje s\u00f6ndag kommer vi ha ett 3-timmarspass man kan spela mellan klockan 16.00 och 19.00.<\/p>\n<p>Erbjudandet g\u00e4ller p\u00e5 Laserdome Bromma. Vi har begr\u00e4nsat antal platser, s\u00e5 det \u00e4r f\u00f6rst till kvarn som g\u00e4ller, erbjudandet <strong>kan<\/strong> f\u00f6rbokas antingen via telefon eller h\u00e4r nedan.<br \/>\nHandsprit finns det gott om och visir finns att l\u00e5na till den som \u00e4r orolig.<\/p>\n<\/div><\/section><\/div><\/div><!--close column table wrapper. Autoclose: 1 -->\n<style type=\"text\/css\" data-created_by=\"avia_inline_auto\" id=\"style-css-av-8duu6-3278d955acda54417409b17c7336e92f\">\n.av_textblock_section.av-8duu6-3278d955acda54417409b17c7336e92f .avia_textblock{\ncolor:#000000;\n}\n<\/style>\n<section  class='av_textblock_section av-8duu6-3278d955acda54417409b17c7336e92f '  itemscope=\"itemscope\" itemtype=\"https:\/\/schema.org\/CreativeWork\" ><div class='avia_textblock av_inherit_color '  itemprop=\"text\" ><h3><span style=\"color: #d53737;\">K\u00f6p presentkort i sommar!<\/span><\/h3>\n<p>Upp till 30% rabatt vid anv\u00e4nding av rabattkod \u201dsommar\u201d.<br \/>\n<a href=\"https:\/\/www.laserdome-stockholm.se\/bromma\/presentkort\/\">Klicka H\u00c4R f\u00f6r att komma till presentkorten!<\/a><\/p>\n<\/div><\/section>\n\n<style type=\"text\/css\" data-created_by=\"avia_inline_auto\" id=\"style-css-av-mb8dso57-72acd171cac8dfced6a0e12f89e9c82c\">\n.av_textblock_section.av-mb8dso57-72acd171cac8dfced6a0e12f89e9c82c .avia_textblock{\ncolor:#000000;\n}\n<\/style>\n<section  class='av_textblock_section av-mb8dso57-72acd171cac8dfced6a0e12f89e9c82c '  itemscope=\"itemscope\" itemtype=\"https:\/\/schema.org\/CreativeWork\" ><div class='avia_textblock av_inherit_color '  itemprop=\"text\" ><h3><span style=\"color: #d53737;\">Spendera din sommar hos oss!<\/span><\/h3>\n<p>K\u00f6p ett sommarpass!<br \/>\nEtt sommarpass g\u00e4ller mellan 16 juni och 16 augusti och kostar 599kr per person. Sommarpassen \u00e4r personliga och l\u00e5ter dig spela s\u00e5 mycket du kan vill och orkar h\u00e4r p\u00e5 Laserdome Vasastan eller den arena du k\u00f6per den p\u00e5 under den perioden 16 juni till 16 augusti. Bokade singelspelare g\u00e5r alltid f\u00f6re och \u00e4r det fullbokat eller har n\u00e5gon bokat hela arenan s\u00e5 kan man tyv\u00e4rr inte spela. Passen finns att k\u00f6pa hos oss p\u00e5 Laserdome Vasastan(eller hos Bromma, Kungsholmen eller T\u00e4by)<\/p>\n<h3><span style=\"color: #d53737;\">Vill du inte vara begr\u00e4nsad till en arena i sommar?<\/span><\/h3>\n<p>D\u00e5 kan du k\u00f6pa megapasset. Samma regler g\u00e4ller som f\u00f6r sommarpasset men passet g\u00e4ller p\u00e5 Laserdome Bromma, Kungsholmen, T\u00e4by och Vasastan. Passet kostar 799kr och \u00e4r precis som sommarpasset personligt.<\/p>\n<\/div><\/section>\n<\/div><\/div><\/div><!-- close content main div --><\/div><\/div><div id='after_section_2'  class='main_color av_default_container_wrap container_wrap sidebar_right'  ><div class='container av-section-cont-open' ><div class='template-page content  av-content-small alpha units'><div class='post-entry post-entry-type-page post-entry-422'><div class='entry-content-wrapper clearfix'><\/p>\n","protected":false},"excerpt":{"rendered":"","protected":false},"author":1,"featured_media":0,"parent":0,"menu_order":0,"comment_status":"closed","ping_status":"closed","template":"","meta":{"footnotes":""},"_links":{"self":[{"href":"https:\/\/www.laserdome-stockholm.se\/bromma\/wp-json\/wp\/v2\/pages\/422"}],"collection":[{"href":"https:\/\/www.laserdome-stockholm.se\/bromma\/wp-json\/wp\/v2\/pages"}],"about":[{"href":"https:\/\/www.laserdome-stockholm.se\/bromma\/wp-json\/wp\/v2\/types\/page"}],"author":[{"embeddable":true,"href":"https:\/\/www.laserdome-stockholm.se\/bromma\/wp-json\/wp\/v2\/users\/1"}],"replies":[{"embeddable":true,"href":"https:\/\/www.laserdome-stockholm.se\/bromma\/wp-json\/wp\/v2\/comments?post=422"}],"version-history":[{"count":194,"href":"https:\/\/www.laserdome-stockholm.se\/bromma\/wp-json\/wp\/v2\/pages\/422\/revisions"}],"predecessor-version":[{"id":8633,"href":"https:\/\/www.laserdome-stockholm.se\/bromma\/wp-json\/wp\/v2\/pages\/422\/revisions\/8633"}],"wp:attachment":[{"href":"https:\/\/www.laserdome-stockholm.se\/bromma\/wp-json\/wp\/v2\/media?parent=422"}],"curies":[{"name":"wp","href":"https:\/\/api.w.org\/{rel}","templated":true}]}}